13, what is -277290 - a?
-27729a
In base 4, what is 23 + 10122212200?
10122212223
In base 14, what is b43ab - 30?
b437b
In base 13, what is -5 - -c9a938?
c9a933
In base 13, what is -5 + c5882a5?
c5882a0
In base 6, what is -22101 - -33215?
11114
In base 14, what is -5c7ddc - -1?
-5c7ddb
In base 6, what is 21214041 - 32?
21214005
In base 15, what is -4c - 58329?
-58376
In base 16, what is 999 - 68f?
30a
In base 12, what is -147a59b3 + -2?
-147a59b5
In base 14, what is -588 - 10c0?
-1668
In base 12, what is a15b67 + -7?
a15b60
In base 15, what is 31 + -31243c?
-31240b
In base 5, what is -313 - -3232201?
3231333
In base 7, what is 31414 - -1143?
32560
In base 14, what is -9 + -19aa87b?
-19aa886
In base 16, what is -27ca + -5f1?
-2dbb
In base 10, what is -12 - 23592?
-23604
In base 8, what is -106 + -4013702?
-4014010
In base 15, what is 341 + -351e7?
-34da6
In base 16, what is -4 - -191fc2a?
191fc26
In base 8, what is 565352 + 115?
565467
In base 3, what is 102001120221 + -20122?
102001100022
In base 6, what is 4 - 50120343134?
-50120343130
In base 15, what is ea + -ec?
-2
In base 7, what is 1213 - -213034?
214250
In base 4, what is -20 + 311101023?
311101003
In base 7, what is 301453 - 100036?
201414
In base 16, what is -bfb28e4 + 3?
-bfb28e1
In base 2, what is 1001001100110011 + -1100000101?
1001000000101110
In base 6, what is -100101 + -13535?
-114040
In base 7, what is 430351312 + -4?
430351305
In base 16, what is 924 - -8a86?
93aa
In base 7, what is -26502166 - -12?
-26502154
In base 4, what is 0 - -1120111002112?
1120111002112
In base 2, what is 110010001 + 111110000111?
1000100011000
In base 3, what is 11022 - -12102112010102?
12102112021201
In base 6, what is -224 - -2525031?
2524403
In base 12, what is 184152 + 344?
184496
In base 3, what is -1001102122 - 1002?
-1001110201
In base 6, what is -315334 - 1224?
-321002
In base 3, what is -2 - -221022000000?
221021222221
In base 16, what is 2119214 + 6?
211921a
In base 15, what is 0 + 1ae9598?
1ae9598
In base 16, what is 2 - 63ae7?
-63ae5
In base 12, what is 759b5 + 6335?
8012a
In base 10, what is -391 + 32044?
31653
In base 14, what is -bd - -61c0?
6101
In base 11, what is -aa67 - 12104?
-22070
In base 7, what is -515621652 - 1?
-515621653
In base 6, what is -115412434503 + 3?
-115412434500
In base 16, what is 9 - b1ddfdf?
-b1ddfd6
In base 11, what is 41a8 + -15710?
-11513
In base 5, what is -10 + 23022200141?
23022200131
In base 6, what is 14353325210 - -4?
14353325214
In base 4, what is 132 - 111012021200?
-111012021002
In base 13, what is 6 + -c90bab?
-c90ba5
In base 13, what is 560a4b - 11?
560a3a
In base 15, what is 1ed274 + 1a9?
1ed42d
In base 6, what is 22 - 310200331?
-310200305
In base 16, what is -31f99 + 8f2?
-316a7
In base 3, what is 122101210 - -2122021?
202001001
In base 12, what is 2 - -a74919?
a7491b
In base 10, what is -15277 - 2436?
-17713
In base 7, what is -2 - -4542106533?
4542106531
In base 15, what is -33bdc + 5a?
-33b82
In base 5, what is 11034311 - 1013?
11033243
In base 6, what is 14315101515 - -3?
14315101522
In base 8, what is 5470 - 42556?
-35066
In base 6, what is 105000504 + -5?
105000455
In base 13, what is -8a5c4343 - 0?
-8a5c4343
In base 4, what is -2311 + -2323101?
-2332012
In base 11, what is 4 - -5760091?
5760095
In base 14, what is 0 - -15249bc?
15249bc
In base 9, what is 2 - 7813232?
-7813230
In base 10, what is -175 + 8534?
8359
In base 7, what is -3530 - -4036636?
4033106
In base 15, what is -3eab3 + -9aa?
-4056d
In base 10, what is -28195 - 226?
-28421
In base 6, what is -134025311 + 25?
-134025242
In base 10, what is -19537 - -14594?
-4943
In base 16, what is 0 - 2ada00?
-2ada00
In base 11, what is -1 - -510a8358?
510a8357
In base 2, what is -110100101 - 110101010000000100011?
-110101010000111001000
In base 3, what is 2211200001 - 1012221?
2210110010
In base 6, what is -1 - -432245135?
432245134
In base 12, what is 1620 - -4b8b?
65ab
In base 10, what is 437 + -774069?
-773632
In base 3, what is -1122120212100011 - -12?
-1122120212022222
In base 15, what is -1252e0 + 19?
-1252c6
In base 16, what is -2e1f59 + -18?
-2e1f71
In base 12, what is 5 + -2481164?
-248115b
In base 5, what is 21111440421 - 2?
21111440414
In base 16, what is 12d + -10f3?
-fc6
In base 10, what is -25 + -13643?
-13668
In base 2, what is -101101100011011 + -10001010?
-101101110100101
In base 13, what is 2700b + 54?
27062
In base 3, what is 1121 - 101202112122?
-101202111001
In base 14, what is -37 + 36592?
36559
In base 6, what is 250 + -5215210?
-5214520
In base 3, what is 11 + 212122202100?
212122202111
In base 11, what is -a44505 - -3?
-a44502
In base 3, what is -2100 + -10122201220?
-10122211020
In base 13, what is -2 - -19b945?
19b943
In base 12, what is 139 - 2083a?
-20701
In base 13, what is -58b573a - -5?
-58b5735
In base 15, what is 6ae5a1b + 8?
6ae5a24
In base 9, what is 264045423 + 3?
264045426
In base 7, what is 211 + 13111242?
13111453
In base 11, what is 9 - 2272778?
-227276a
In base 2, what is -11001000000111111110 + -111?
-11001000001000000101
In base 8, what is -2262657767 - 0?
-2262657767
In base 4, what is -10230 + -113101130?
-113112020
In base 14, what is 17 - -6cd8d3?
6cd90a
In base 2, what is 10000111111100 - 1110011?
10000110001001
In base 16, what is -e3 + -9af4b?
-9b02e
In base 9, what is 1276100 + 23?
1276123
In base 11, what is a7 + a65a?
a756
In base 13, what is 22 - -1956aa1?
1956ac3
In base 3, what is -10022220100 - 1120210?
-10101111010
In base 7, what is 5 - -160300112?
160300120
In base 15, what is 66a396 + -8?
66a38d
In base 5, what is 101 + -1040322033?
-1040321432
In base 16, what is -43e24 - -2d6?
-43b4e
In base 5, what is -34 - 323342102?
-323342141
In base 10, what is 0 - 8983303?
-8983303
In base 9, what is -251556 + -27?
-251584
In base 12, what is 13 + 13bb747?
13bb75a
In base 5, what is -2224204 + -32420?
-2312124
In base 13, what is -2 - cb177?
-cb179
In base 4, what is -2123030 - 2323333?
-11113023
In base 16, what is 5 + -1c0bb0?
-1c0bab
In base 2, what is -1101001 - -1001000100010000011110?
1001000100001110110101
In base 4, what is 102001133221101 + -11?
102001133221030
In base 12, what is 93ba51b + 5?
93ba524
In base 7, what is -1413 + -26265323?
-26300036
In base 5, what is 2224443004 - 341?
2224442113
In base 13, what is -45 - -86676?
86631
In base 4, what is 30200312 + 10101010?
100301322
In base 12, what is 12b81393a + -2?
12b813938
In base 7, what is 1 + -2000221240?
-2000221236
In base 10, what is 5733470 - -1?
5733471
In base 14, what is -181 - -4d5ca?
4d449
In base 10, what is 115 + -115380?
-115265
In base 13, what is 908271c6 + -1?
908271c5
In base 7, what is 1423 - 444443?
-443020
In base 8, what is -103047503 + -11?
-103047514
In base 14, what is -1db - c7dac?
-c81a9
In base 9, what is -63082 + -34?
-63126
In base 15, what is -71 - -ccbd8d?
ccbd1c
In base 14, what is -d014 + 1713?
-b701
In base 15, what is 359b63 + 3?
359b66
In base 16, what is 1 + 754856?
754857
In base 14, what is 95 + 612d7?
6138c
In base 14, what is -14 + -476c538?
-476c54c
In base 6, what is -114523131 - 24?
-114523155
In base 5, what is -1 + -2344312032?
-2344312033
In base 2, what is 11001111010 - -1100110101010001?
1101001111001011
In base 5, what is -1431423114 + -31?
-1431423200
In base 15, what is 1d682767 - 4?
1d682763
In base 3, what is -211221221020000021 - 11?
-211221221020000102
In base 11, what is -10206 - -81?
-10135
In base 4, what is 1331122013231 + 3?
1331122013300
In base 7, what is 125133 + -42?
125061
In base 6, what is 4 + 404223014?
404223022
In base 3, what is -10110002 - 201102022?
-211212101
In base 10, what is -118 + 6051486?
6051368
In base 14, what is 420db - -14?
42111
In base 6, what is 113 - 25140254?
-25140141
In base 11, what is -83 - -52494?
52411
In base 12, what is 52 - -22260b?
222661
In base 11, what is -68aa96 - 35?
-690020
In base 4, what is 32 - -22131022331?
22131023023
In base 7, what is 333 + -6443162?
-6442526
In base 16, what is 329 + 3c71c?
3ca45
In base 7, what is 2003550403 + 5?
2003550411
In base 2, what is -100 + 10110010100110010100?
10110010100110010000
In base 9, what is -4255 - -7302?
3036
In base 16, what is 2 - 8de1b2?
-8de1b0
In base 15, what is -d + -4c901?
-4c90e
In base 14, what is -9a82